a factor of 10746831?
False
Is 69242 a multiple of 88?
False
Is 363339 a multiple of 27?
True
Is 7282210 a multiple of 5?
True
Does 226 divide 108480?
True
Is 2098309 a multiple of 48?
False
Is 6873440 a multiple of 34?
True
Is 686 a factor of 6446021?
False
Is 264370 a multiple of 307?
False
Is 1087 a factor of 6638309?
True
Does 5 divide 148915?
True
Is 4184 a multiple of 523?
True
Is 111 a factor of 257742?
True
Is 87 a factor of 922113?
True
Is 73 a factor of 372373?
True
Does 153 divide 816859?
False
Is 1234575 a multiple of 43?
False
Does 264 divide 63624?
True
Is 568340 a multiple of 207?
False
Is 356259 a multiple of 144?
False
Is 4919208 a multiple of 1316?
True
Is 474896 a multiple of 196?
False
Is 18956720 a multiple of 40?
True
Is 4 a factor of 241790?
False
Is 44 a factor of 39999?
False
Is 174449 a multiple of 11?
True
Does 150 divide 71040?
False
Is 142 a factor of 1836872?
False
Is 171282 a multiple of 20?
False
Is 64933 a multiple of 11?
True
Is 81 a factor of 71887?
False
Does 24 divide 1797008?
False
Does 16 divide 166004?
False
Is 545 a factor of 1067110?
True
Does 516 divide 424611?
False
Is 3386551 a multiple of 1434?
False
Is 228233 a multiple of 185?
False
Does 43 divide 3389?
False
Is 81 a factor of 129114?
True
Is 36 a factor of 302847?
False
Is 196075 a multiple of 37?
False
Is 1278 a factor of 3310020?
True
Does 96 divide 863973?
False
Does 10 divide 180560?
True
Does 18 divide 3394375?
False
Is 34 a factor of 362508?
True
Is 14850 a multiple of 5?
True
Is 42 a factor of 467250?
True
Does 20 divide 2095160?
True
Does 96 divide 222148?
False
Does 13 divide 23759827?
True
Is 1435727 a multiple of 10?
False
Is 2 a factor of 63174?
True
Is 106564 a multiple of 9?
False
Is 307720 a multiple of 5?
True
Is 185432 a multiple of 4?
True
Is 8809056 a multiple of 292?
True
Is 12930930 a multiple of 10?
True
Does 11 divide 75251?
True
Is 57 a factor of 733970?
False
Is 472342 a multiple of 11?
False
Does 381 divide 217028?
False
Does 106 divide 356968?
False
Is 4856409 a multiple of 1107?
True
Is 33779 a multiple of 66?
False
Is 3638110 a multiple of 133?
False
Is 81 a factor of 497907?
True
Does 59 divide 207247?
False
Does 15 divide 19460?
False
Is 9 a factor of 103752?
True
Is 6373566 a multiple of 138?
False
Is 106428 a multiple of 196?
True
Does 31 divide 115413?
True
Is 85 a factor of 1619675?
True
Is 68 a factor of 338983?
False
Is 238334 a multiple of 501?
False
Is 461168 a multiple of 328?
True
Does 682 divide 6209610?
True
Is 51624 a multiple of 135?
False
Is 348467 a multiple of 57?
False
Is 22 a factor of 728244?
True
Does 6 divide 20530?
False
Does 70 divide 1082826?
False
Does 142 divide 221232?
False
Does 11 divide 715801?
False
Is 20 a factor of 207434?
False
Is 425 a factor of 554308?
False
Does 60 divide 552668?
False
Does 115 divide 96370?
True
Is 2236626 a multiple of 54?
True
Does 2 divide 172268?
True
Does 43 divide 1797615?
True
Is 16 a factor of 5250000?
True
Is 72 a factor of 7722535?
False
Does 230 divide 14043800?
True
Does 67 divide 27803?
False
Does 161 divide 545629?
True
Does 167 divide 383978?
False
Does 24 divide 7343808?
True
Does 24 divide 28584?
True
Does 16 divide 48192?
True
Does 21 divide 6359850?
True
Is 11458874 a multiple of 1306?
False
Is 941341 a multiple of 17?
True
Does 15 divide 6758145?
True
Does 47 divide 362981?
True
Is 83 a factor of 796282?
False
Is 228 a factor of 447564?
True
Is 1462170 a multiple of 12?
False
Does 37 divide 167721?
True
Does 14 divide 2273292?
True
Is 2624477 a multiple of 17?
True
Is 191 a factor of 256704?
True
Is 1389549 a multiple of 20?
False
Does 15 divide 600705?
True
Does 147 divide 4116354?
False
Is 107 a factor of 16125200?
False
Is 3729550 a multiple of 19?
False
Is 1123416 a multiple of 21?
True
Does 48 divide 423046?
False
Is 45871 a multiple of 18?
False
Is 563 a factor of 3459072?
True
Is 1240193 a multiple of 3?
False
Is 38 a factor of 125970?
True
Does 9 divide 2670?
False
Is 50 a factor of 9839500?
True
Does 70 divide 360920?
True
Does 284 divide 1054746?
False
Does 106 divide 1019296?
True
Does 65 divide 332215?
True
Is 26 a factor of 609934?
True
Does 131 divide 87372?
False
Is 148 a factor of 570688?
True
Is 239904 a multiple of 84?
True
Is 820 a factor of 12313120?
True
Is 7008930 a multiple of 17?
True
Does 12 divide 209512?
False
Is 67304 a multiple of 94?
True
Does 66 divide 20991?
False
Is 16 a factor of 196573?
False
Is 310 a factor of 1455760?
True
Is 88880 a multiple of 27?
False
Does 34 divide 302340?
False
Is 442112 a multiple of 256?
True
Is 17 a factor of 382636?
True
Is 663 a factor of 9825660?
True
Is 51 a factor of 28050?
True
Is 77211 a multiple of 9?
True
Is 11 a factor of 663734?
False
Is 182 a factor of 133955?
False
Is 107 a factor of 9427790?
False
Does 90 divide 4622126?
False
Is 86213 a multiple of 25?
False
Is 70 a factor of 3890151?
False
Is 167 a factor of 138206?
False
Is 191 a factor of 12251313?
True
Is 4344 a multiple of 5?
False
Is 3 a factor of 69399?
True
Is 122145 a multiple of 15?
True
Is 119 a factor of 178619?
True
Is 37 a factor of 8639167?
True
Is 3 a factor of 79159?
False
Does 40 divide 113400?
True
Is 111895 a multiple of 5?
True
Does 15 divide 928366?
False
Is 833348 a multiple of 187?
False
Is 210960 a multiple of 120?
True
Does 80 divide 385280?
True
Is 4061 a multiple of 196?
False
Is 42 a factor of 1482340?
False
Is 24 a factor of 1008384?
True
Is 471090 a multiple of 8?
False
Does 7 divide 13568386?
False
Is 1053 a factor of 22577601?
False
Does 56 divide 612136?
True
Does 3 divide 421014?
True
Does 14 divide 5333818?
True
Does 10 divide 95390?
True
Is 9 a factor of 46450?
False
Does 324 divide 2360016?
True
Does 9 divide 674208?
True
Is 7320 a multiple of 15?
True
Is 82300 a multiple of 25?
True
Does 409 divide 6372629?
True
Is 47 a factor of 76798?
True
Is 135542 a multiple of 61?
True
Is 42 a factor of 199063?
False
Does 63 divide 14728?
False
Is 7 a factor of 80595?
False
Is 5259378 a multiple of 118?
True
Is 29 a factor of 270802?
True
Is 31 a factor of 9050050?
False
Does 68 divide 186932?
True
Is 112210 a multiple of 490?
True
Is 11 a factor of 1423557?
False
Is 372 a factor of 1594115?
False
Is 3480471 a multiple of 80?
False
Does 152 divide 115520?
True
Is 314 a factor of 6512360?
True
Does 9 divide 6099262?
False
Does 113 divide 737325?
True
Is 198690 a multiple of 600?
False
Is 316 a factor of 854148?
True
Is 17 a factor of 8819275?
False
Is 4367760 a multiple of 40?
True
Does 21 divide 645813?
True
Is 182 a factor of 137516?
False
Is 309680 a multiple of 196?
True
Does 5 divide 360489?
False
Is 9 a factor of 12708?
True
Is 100 a factor of 779300?
True
Does 11 divide 375234?
False
Is 489325 a multiple of 529?
True
Is 488796 a multiple of 18?
False
Is 2361384 a multiple of 36?
True
Does 6 divide 225614?
False
Does 6 divide 72306?
True
Does 979 divide 1547736?
False
Is 6 a factor of 596198?
False
Does 412 divide 4745828?
True
Is 4 a factor of 68576?
True
Is 227 a factor of 260823?
True
Does 29 divide 38599?
True
Is 3 a factor of 19884?
True
Is 52 a factor of 1795306?
False
Does 399 divide 633213?
True
Is 121 a factor of 4133844?
True
Is 58 a factor of 16994?
True
Is 12562596 a multiple of 18?
True
Does 7 divide 104930?
True
Is 253255 a multiple of 12?
False
Is 319 a factor of 101442?
True
Is 83 a factor of 4419418?
True
Is 165609 a multiple of 9?
True
Is 2825379 a multiple of 9?
True
Does 33 divide 501897?
True
Is 13 a factor of 2942992?
True
Is 16029 even?
False
Does 24 divide 14218374?
False
Is 580029 a multiple of 12?
False
Is 618276 a multiple of 134?
True
Is 100 a factor of 374721?
False
Is 646563 a multiple of 425?
False
Is 1338285 a multiple of 15?
True
Is 137 a factor of 55600?
False
Is 26 a factor of 1843966?
False
Is 10 a factor of 3196140?
True
Is 812023 a multiple of 662?
False
Does 30 divide 1397730?
True
Is 1359 a factor of 6209592?
False
Is 52260 a multiple of 10?
True
Is 316 a factor of 8798883?
False
Does 325 divide 2224300?
True
Does 25 divide 340479?
False
Is 150999 a multiple of 35?
False
Is 922470 a multiple of 5?
True
Does 31 divide 2490286?
False
Does 9 divide 312831?
True
Is 1018647 a multiple of 9?
True
Is 8889440 a multiple of 35?
True
Is 88 a factor